on divisor of 270282 and 2105.
421
Calculate the greatest common factor of 13 and 5481229.
13
What is the highest common divisor of 1756 and 212?
4
What is the highest common divisor of 572 and 122188?
44
What is the greatest common divisor of 1374522 and 3210?
642
What is the greatest common factor of 90 and 17790?
30
What is the greatest common divisor of 345 and 54165?
345
Calculate the highest common divisor of 273064 and 50402.
638
Calculate the greatest common divisor of 152 and 14360.
8
What is the greatest common divisor of 32860 and 4340?
620
Calculate the highest common factor of 463 and 2122855.
463
Calculate the greatest common divisor of 18 and 288.
18
Calculate the highest common factor of 735 and 9045.
15
Calculate the greatest common factor of 493495 and 862.
431
What is the greatest common factor of 1490 and 40120?
10
Calculate the greatest common divisor of 1410 and 6330.
30
What is the greatest common divisor of 5576 and 2480?
8
What is the highest common divisor of 2583 and 63837?
369
What is the greatest common factor of 2486 and 297?
11
What is the highest common factor of 2080 and 38376?
104
Calculate the greatest common factor of 36 and 1632.
12
Calculate the highest common factor of 42 and 16314.
6
What is the greatest common divisor of 6493 and 516?
43
Calculate the highest common divisor of 505219 and 130.
13
Calculate the highest common divisor of 365934 and 9449.
859
What is the highest common factor of 1111 and 111403?
101
Calculate the greatest common factor of 6047048 and 3903.
1301
Calculate the highest common factor of 7 and 1539146.
7
What is the greatest common divisor of 11840 and 28305?
185
What is the greatest common divisor of 6888 and 1517?
41
What is the greatest common factor of 10353 and 6699?
609
Calculate the highest common factor of 112480 and 5472.
608
Calculate the greatest common divisor of 11753 and 555749.
1679
What is the highest common divisor of 493173 and 333?
333
What is the greatest common factor of 5269 and 22?
11
What is the highest common factor of 1744 and 20?
4
What is the greatest common factor of 56260 and 71050?
290
What is the greatest common divisor of 213911 and 17?
17
Calculate the greatest common factor of 3289 and 43769.
253
Calculate the highest common divisor of 11577 and 14301.
681
What is the highest common factor of 46915 and 33?
11
Calculate the highest common factor of 2298 and 216778.
766
What is the greatest common factor of 76 and 780634?
38
What is the greatest common factor of 365 and 635465?
365
Calculate the greatest common factor of 120 and 45735.
15
What is the greatest common divisor of 32148 and 304?
76
Calculate the highest common divisor of 2552 and 2842.
58
What is the greatest common divisor of 344898 and 729?
81
Calculate the highest common divisor of 200 and 27850.
50
Calculate the highest common factor of 348311 and 79.
79
Calculate the highest common factor of 672 and 11040.
96
Calculate the highest common divisor of 1 and 158642.
1
Calculate the highest common divisor of 148340 and 60.
20
Calculate the highest common divisor of 7 and 90587.
7
Calculate the greatest common factor of 2919 and 1470.
21
Calculate the highest common divisor of 45056 and 15004.
44
What is the highest common divisor of 66611 and 354?
59
Calculate the greatest common divisor of 84 and 439284.
12
What is the highest common divisor of 894 and 284739?
447
Calculate the highest common factor of 87704 and 95.
19
Calculate the greatest common divisor of 4883 and 10537.
257
What is the highest common factor of 108 and 273420?
36
Calculate the highest common factor of 1595 and 473.
11
Calculate the greatest common factor of 4103 and 67513.
373
Calculate the greatest common factor of 78 and 4628676.
78
What is the highest common factor of 470 and 2914?
94
Calculate the highest common factor of 1102648 and 40.
8
Calculate the highest common factor of 132 and 53526.
66
Calculate the greatest common divisor of 2765730 and 850.
170
Calculate the highest common factor of 46248 and 123.
123
Calculate the greatest common factor of 2272 and 66208.
32
What is the highest common divisor of 2106 and 197262?
702
What is the highest common factor of 119 and 27268?
17
What is the highest common factor of 24 and 151896?
24
What is the greatest common factor of 2585 and 1100?
55
Calculate the greatest common factor of 155 and 88877.
31
What is the greatest common factor of 24 and 83624?
8
Calculate the highest common divisor of 520 and 630760.
520
Calculate the greatest common factor of 247 and 24719.
19
What is the greatest common divisor of 25333 and 120736?
539
What is the greatest common divisor of 3536 and 108472?
104
Calculate the highest common divisor of 20 and 11252620.
20
What is the greatest common divisor of 13 and 2249?
13
Calculate the highest common divisor of 1345202 and 1816.
454
What is the greatest common divisor of 13 and 1159?
1
What is the greatest common divisor of 7449580 and 60?
20
Calculate the highest common factor of 26136 and 216.
216
What is the highest common factor of 320116 and 1910?
382
Calculate the greatest common factor of 121 and 20603.
11
Calculate the highest common factor of 805 and 5457095.
805
What is the highest common divisor of 37877 and 240403?
773
What is the highest common factor of 32 and 223?
1
What is the greatest common divisor of 2277 and 13761?
99
Calculate the greatest common divisor of 44229 and 10256.
641
What is the highest common divisor of 2048 and 3552?
32
Calculate the highest common factor of 8928 and 5766.
186
Calculate the greatest common divisor of 20960 and 2390.
10
Calculate the greatest common factor of 2304 and 10800.
144
What is the greatest common factor of 944 and 12213?
59
Calculate the highest common divisor of 135 and 36945.
45
Calculate the highest common divisor of 4712 and 133.
19
What is the highest common factor of 99 and 9603?
99
Calculate the greatest common factor of 29489 and 1147.
37
What is the greatest common divisor of 19 and 32319?
19
Calculate the highest common factor of 1443 and 46254.
39
Calculate the greatest common factor of 38710 and 10780.
490
What is the greatest common factor of 16 and 2419592?
8
Calculate the highest common divisor of 2690 and 30.
10
What is the greatest common divisor of 633890 and 50?
10
What is the highest common divisor of 21 and 832139?
7
What is the greatest common divisor of 29249 and 143?
11
Calculate the greatest common factor of 131952 and 96.
48
What is the greatest common factor of 66 and 1142922?
66
Calculate the greatest common factor of 4257 and 47773.
473
Calculate the highest common factor of 9291 and 11742.
57
Calculate the greatest common factor of 551 and 116261.
551
What is the greatest common divisor of 585 and 405?
45
What is the greatest common divisor of 8 and 718664?
8
Calculate the greatest common divisor of 4699 and 5461.
127
What is the greatest common factor of 33155 and 760?
95
Calculate the highest common factor of 442 and 2006.
34
Calculate the highest common factor of 16 and 342128.
16
What is the highest common divisor of 69 and 68540?
23
What is the greatest common factor of 351 and 419211?
117
What is the greatest common factor of 8563 and 2?
1
What is the greatest common factor of 448 and 33344?
64
Calculate the highest common factor of 672 and 129864.
168
What is the highest common divisor of 1225 and 8134?
49
What is the highest common factor of 366 and 96441?
183
What is the greatest common factor of 46039 and 7?
7
What is the highest common factor of 638 and 257917?
11
Calculate the highest common factor of 33840 and 112.
16
What is the greatest common factor of 747 and 7221?
249
What is the greatest common divisor of 198 and 41107?
11
Calculate the greatest common divisor of 1375 and 10604.
11
Calculate the highest common divisor of 2291 and 474.
79
Calculate the highest common divisor of 829900 and 100.
100
What is the greatest common divisor of 4035 and 45?
15
Calculate the greatest common factor of 216 and 1673064.
72
Calculate the highest common factor of 72 and 89476.
4
What is the highest common divisor of 544 and 79264?
32
Calculate the highest common divisor of 20465 and 145.
5
Calculate the greatest common factor of 26 and